 r(-3). Suppose i*k + 7*k - 162 = 0. What is the highest common divisor of 36 and k?
18
Let d(y) = -12*y - 44. Let a be d(-4). Suppose -a*q + 13 = -11. Suppose -2*u + 7*u - 30 = 0. What is the greatest common factor of q and u?
6
Suppose 29*m = 195 + 2705. Let q be 141/27 + (-2)/9. Suppose -13 = -5*c - q*z + 47, 0 = c + 2*z - 14. What is the highest common divisor of c and m?
10
Let a = 20608 + -20312. Calculate the greatest common factor of 7918 and a.
74
Let z(w) = -8*w**2 + 177*w - 173. Let q be z(21). Let a be ((-14)/6)/(1/(-24)). Calculate the greatest common divisor of q and a.
8
Let d(q) = q + 19. Let x be d(-14). Let p = 8 - x. Suppose 43*y + 138 = 89*y. What is the highest common divisor of p and y?
3
Suppose 304*q = 278*q + 11050. Calculate the highest common factor of q and 225.
25
Suppose -2*c + 4*c = -5*k + 3, 5*c - 23 = 3*k. Suppose 5*w - 2*u - 850 - 2019 = 0, c*w + u = 2303. Calculate the highest common divisor of 50 and w.
25
Let i(s) = -136*s**2 + s + 1. Let d be i(-1). Let j = 141 + d. Suppose -17 - 3 = -2*a. Calculate the highest common factor of a and j.
5
Let c be (133/76)/(2/144). Let r = 151 - c. What is the highest common factor of 225 and r?
25
Let z = 47 + -44. Suppose -q - 4*a = 20, q + z*a + 10 + 5 = 0. Suppose -o + i = -4 - 7, q = 5*i. Calculate the greatest common factor of 33 and o.
11
Let l = 62 + -59. Suppose t + l = 13. Let o = -50 - -75. Calculate the greatest common divisor of o and t.
5
Let n(r) = 25*r**2 - 76*r + 205. Let m be n(5). What is the highest common divisor of 2880 and m?
90
Suppose 2*i - 9*c + 6*c = 90, -138 = -3*i + 5*c. Let x(z) = -z**3 - 5*z**2 + 5*z + 6. Let t be x(-6). Calculate the greatest common divisor of t and i.
12
Suppose -7*d = -d - 42. Let q be (d/3)/(2/30). Calculate the greatest common divisor of q and 15.
5
Suppose 6*n = 2*n + 24. Let r be 476/16 - 2/(-8). Calculate the highest common divisor of r and n.
6
Let a(m) = -m**3 + 49*m**2 + 134*m - 72. Let j be a(51). What is the greatest common divisor of 429 and j?
39
Let h = 565 + 236. Let n = h + -405. What is the greatest common divisor of 4 and n?
4
Let d(y) = 4*y**2 + 44*y + 35. Let j be d(-11). Let q be -20*(231/j + -7). What is the greatest common divisor of 284 and q?
4
Suppose -2*z = 2*w - 1157 - 4199, -3*w + 4*z = -8034. Calculate the highest common factor of w and 52.
26
Suppose 3*s - 96564 = -49*s. Suppose -5*l - 1377 = -s. Calculate the greatest common divisor of l and 6.
6
Suppose 2*r + 42 = -5*b + 132, -4*r + 4*b = -180. Let t be 711/9 + (-3 - 1). What is the greatest common factor of r and t?
15
Suppose -86*f + 103187 = -9*f + 22799. Calculate the greatest common factor of f and 406.
58
Let r be (1656/20)/((-1)/(-45)). Calculate the greatest common divisor of 486 and r.
162
Suppose 5*i + 326 + 84 = 5*q, -274 = -3*q - 4*i. Let y = 18 + q. What is the greatest common factor of 4 and y?
4
Let o(t) = 20*t**2 + 7*t - 17. Let g be o(2). Suppose 73 = -j + 3*j - z, -2*j + g = 3*z. Calculate the greatest common divisor of j and 37.
37
Let u(b) = -3*b**2 - 35*b - 143. Let m(q) = 4*q**2 + 35*q + 143. Let g(r) = 4*m(r) + 5*u(r). Let z be g(39). What is the greatest common factor of z and 78?
13
Suppose 5251 + 3661 = 16*w. Let o = w - 525. Calculate the greatest common divisor of 168 and o.
8
Suppose -10*h + 6*h = -2124. Let a be h/21 - (-16)/(-56). Calculate the highest common factor of 15 and a.
5
Let w be (-297639)/(-36) + 2/8. Suppose w = 32*l - 852. What is the greatest common divisor of 114 and l?
57
Let o be (-61)/305 - (-1)/5. Let q be (14 - o) + 8/((-64)/40). What is the greatest common divisor of q and 576?
9
Let f be ((-180)/(-135))/(((-2)/(-12))/1). Let l(q) = q**2 + 3*q + 6. Let y be l(-13). What is the greatest common divisor of y and f?
8
Suppose -15 = 2*s - s - 3*w, s - w = -11. Let u(r) = r**3 + 7*r**2 - 29*r + 9. Let z be u(s). What is the greatest common divisor of z and 4?
4
Let l(q) = -q - 8. Let n be l(-32). Suppose -y + n = 11*y. What is the greatest common divisor of 2 and y?
2
Suppose -3*z - 5391 = -3*m, -2*m - 25*z = -26*z - 3595. Calculate the highest common factor of m and 58.
58
Suppose 196 = 4*i - 5*u, i + 3*u + 2 = 51. Suppose 5*c - 75 = -v, -2*c - 2*c - 3*v + i = 0. What is the highest common factor of 64 and c?
16
Let i(q) = q**3 + 18*q**2 - 18*q - 15. Let r be i(-19). Let u = r - -34. Suppose c - 16 + 4 = u. What is the greatest common factor of c and 30?
6
Let l = 759 - 408. Suppose -5*o + 12*m - 10*m + 205 = 0, -o - 4*m + 19 = 0. What is the greatest common divisor of l and o?
39
Let o = 2762 - 1964. Calculate the greatest common factor of 304 and o.
38
Let a be 4 - 1*(-2 + 1). Suppose -a*n + 2*n = -6. Suppose 2*q - 72 = -n*q. What is the highest common factor of 126 and q?
18
Let p(c) = 11*c - 39. Let y be p(8). Suppose -2*j = -11 - y. Calculate the greatest common divisor of 42 and j.
6
Let s be 922*(-6 - (-65)/10). Suppose -s = -19*p + 223. Calculate the highest common divisor of 27 and p.
9
Suppose -560 = 2*p - 12*p. Let x = 72 + 26. What is the highest common divisor of p and x?
14
Suppose -191*p + 48925 = -96*p. Calculate the highest common divisor of 25 and p.
5
Let z = 16193 + -6687. Calculate the greatest common factor of 97 and z.
97
Let f = 87 + -72. Suppose -485 + 125 = -f*z. Calculate the highest common factor of 456 and z.
24
Let i(g) be the first derivative of g**3/3 + 13*g**2 + 35*g + 48. Let m be i(-28). What is the greatest common factor of m and 21?
7
Let i = 81 + -3. Suppose 24 = 2*x + 2*x. Suppose -x*u = -u - 65. What is the greatest common divisor of u and i?
13
Suppose -471 = -19*m + 3177. Calculate the highest common factor of 1056 and m.
96
Suppose -449 = -4*p - 2*o + 1311, p - 433 = -4*o. Suppose 25*d = 18*d + p. Calculate the highest common factor of d and 21.
21
Let c = 3566 - 3444. What is the greatest common divisor of 1 and c?
1
Suppose -5*r + 1349 = 384. Suppose -18 = y - r. Let x be -10*(-7)/(-2)*(-6 + 5). Calculate the highest common divisor of y and x.
35
Suppose -5*a - 4 = -29, -25 = -5*p - 2*a. Suppose 11 - 2 = p*b. Suppose 34 = b*y - 5*h, -2*h + 12 = h. What is the greatest common divisor of y and 54?
18
Suppose 16*s - 30 = 10*s. Suppose 2*c = -2*g - 3*c + 292, s*c + 252 = 2*g. Let r be 0 - -1*34 - 0. Calculate the greatest common divisor of g and r.
34
Let o = -135 + 147. Suppose o*f = 19*f - 231. Calculate the highest common factor of 11 and f.
11
Let z be (((-30)/(-8) + -3)*(-476)/(-21))/(22/66). Let b be 2/(-7) - 359/(-7). What is the greatest common divisor of z and b?
51
Suppose -5*o - 8*o = -4*o - 1080. What is the greatest common divisor of 390 and o?
30
Suppose -g + 36 = 11*g. Suppose 6*c - 3*c - 369 = -3*j, 376 = g*c - 4*j. Let x = c + -94. What is the highest common divisor of x and 10?
10
Let q(p) = -146*p**3 + p**2 - 7. Let j be q(-2). Suppose j = 9*a - 779. Calculate the greatest common divisor of a and 32.
8
Let j(s) = -s**3 - 7*s**2 - 10*s + 1. Let q be j(-5). Let u be 3 - (2 + q) - -82. Let z = -51 + u. What is the greatest common factor of 62 and z?
31
Let c be (-15)/((-135)/(-18)) + (-4264)/(-4). What is the highest common factor of c and 280?
56
Let s(a) = 59*a - 7 + 1 - 61*a. Let g be s(-5). Suppose 5*u - 43 - 35 = -g*y, -5*y + 4*u = -118. Calculate the greatest common factor of y and 11.
11
Let c be (-8)/(52/(-30) - (-16)/40) - -885. Calculate the highest common divisor of 55 and c.
11
Let u(a) = -a**2 + 111. Let b = -4 - -4. Let r be u(b). Suppose -687 - 1681 = -64*z. Calculate the greatest common divisor of z and r.
37
Let x be (-643 + 1)*(1/((-8)/32) + -4). What is the greatest common divisor of x and 32?
16
Suppose 2*j + 4 = -4*a, -2*a = -j + 2*a - 14. Let p = -5 - j. Let d be 23/(2/22*p). What is the highest common divisor of 23 and d?
23
Let r be -7 + 3024/64 + ((-4)/(-2))/(-8). What is the greatest common divisor of r and 4310?
10
Let v be (-1)/(-2) + (-1100)/(-8). Suppose -a = 45 - 413. What is the greatest common divisor of a and v?
46
Let v = -7547 - -12267. Suppose 0*m + v = 10*m. Calculate the greatest common divisor of 59 and m.
59
Let b(x) = -x**3 - 5*x**2 - x - 3. Let a be b(-5). Let c(f) = 23*f + 16. Let o be c(6). Let i = -149 + o. Calculate the highest common factor of a and i.
1
Let m = 4477 + -3576. What is the